se 8
343
Convert 102 (base 4) to base 8.
22
4 (base 15) to base 10
4
What is 4 (base 10) in base 5?
4
What is -202 (base 5) in base 12?
-44
311 (base 4) to base 15
38
-8 (base 10) to base 4
-20
16 (base 9) to base 4
33
What is 0 (base 10) in base 6?
0
Convert -b (base 12) to base 4.
-23
Convert -3 (base 15) to base 6.
-3
What is 2 (base 3) in base 10?
2
What is 117 (base 12) in base 10?
163
What is -1 (base 3) in base 8?
-1
Convert -81 (base 9) to base 16.
-49
What is -1a (base 13) in base 16?
-17
Convert 14 (base 8) to base 2.
1100
Convert 3 (base 12) to base 10.
3
What is -2 (base 10) in base 4?
-2
Convert 101110 (base 2) to base 5.
141
What is -5 (base 6) in base 5?
-10
What is -2 (base 12) in base 8?
-2
182 (base 12) to base 6
1042
-4 (base 14) to base 10
-4
What is -1 (base 4) in base 6?
-1
Convert 27 (base 8) to base 16.
17
Convert -41 (base 5) to base 12.
-19
33 (base 4) to base 2
1111
Convert 12 (base 3) to base 6.
5
Convert -17 (base 9) to base 8.
-20
Convert 73 (base 8) to base 15.
3e
What is 2 (base 7) in base 5?
2
Convert -15 (base 6) to base 8.
-13
Convert -2 (base 6) to base 11.
-2
What is 25 (base 12) in base 15?
1e
What is 18 (base 9) in base 8?
21
1 (base 10) to base 9
1
What is -26 (base 7) in base 11?
-19
1121 (base 5) to base 7
320
23 (base 4) to base 7
14
Convert -14 (base 6) to base 5.
-20
Convert 1 (base 9) to base 10.
1
What is -145 (base 6) in base 14?
-49
Convert -4 (base 13) to base 15.
-4
Convert -c8 (base 16) to base 10.
-200
Convert 2130 (base 5) to base 7.
563
Convert -4 (base 13) to base 15.
-4
Convert -9 (base 12) to base 2.
-1001
-3 (base 5) to base 14
-3
What is 1 (base 13) in base 10?
1
-1 (base 13) to base 15
-1
Convert 10 (base 3) to base 13.
3
-1 (base 3) to base 15
-1
Convert 20 (base 3) to base 11.
6
70 (base 11) to base 13
5c
Convert -174 (base 9) to base 5.
-1043
Convert -10 (base 8) to base 12.
-8
5 (base 9) to base 6
5
What is 5 (base 8) in base 16?
5
What is -412 (base 5) in base 12?
-8b
Convert 11 (base 4) to base 5.
10
12 (base 8) to base 5
20
-5 (base 7) to base 5
-10
What is -69 (base 13) in base 6?
-223
101 (base 2) to base 11
5
What is -6c (base 14) in base 15?
-66
-5 (base 14) to base 11
-5
-113 (base 13) to base 5
-1220
Convert 2 (base 15) to base 12.
2
What is -362 (base 8) in base 16?
-f2
What is 47 (base 12) in base 7?
106
What is 0 (base 13) in base 8?
0
-30 (base 7) to base 6
-33
Convert -11 (base 6) to base 10.
-7
Convert -22 (base 8) to base 13.
-15
-4 (base 11) to base 13
-4
What is 21 (base 16) in base 4?
201
Convert 10201 (base 4) to base 15.
144
Convert 113 (base 6) to base 4.
231
What is -82 (base 14) in base 3?
-11020
What is -3 (base 10) in base 13?
-3
What is -2 (base 10) in base 9?
-2
What is -24 (base 16) in base 2?
-100100
Convert 21012 (base 3) to base 2.
11000010
1 (base 4) to base 6
1
What is 22 (base 7) in base 8?
20
Convert -2 (base 3) to base 13.
-2
2 (base 10) to base 15
2
Convert -33 (base 15) to base 5.
-143
What is 0 (base 7) in base 4?
0
Convert -c5 (base 14) to base 15.
-b8
What is -6 (base 13) in base 2?
-110
What is 6 (base 7) in base 14?
6
Convert 143 (base 5) to base 16.
30
What is 1 (base 7) in base 15?
1
What is 1 (base 2) in base 6?
1
1101 (base 4) to base 10
81
What is 9 (base 10) in base 8?
11
-a (base 14) to base 13
-a
-1 (base 9) to base 8
-1
What is -b (base 12) in base 16?
-b
What is -4 (base 12) in base 5?
-4
-121 (base 4) to base 2
-11001
12 (base 8) to base 6
14
What is -3 (base 7) in base 4?
-3
Convert -51 (base 7) to base 13.
-2a
What is 1012 (base 5) in base 7?
246
342 (base 6) to base 2
10000110
Convert 4 (base 7) to base 12.
4
Convert 10 (base 4) to base 9.
4
12 (base 12) to base 8
16
147 (base 10) to base 11
124
-1010 (base 4) to base 7
-125
Convert 0 (base 9) to base 5.
0
What is -2 (base 4) in base 16?
-2
What is 0 (base 8) in base 13?
0
Convert -5 (base 14) to base 11.
-5
Convert 6 (base 12) to base 4.
12
-112 (base 5) to base 10
-32
Convert 20 (base 12) to base 7.
33
Convert -10 (base 9) to base 11.
-9
What is -1 (base 5) in base 10?
-1
Convert 36 (base 8) to base 9.
33
What is 46 (base 12) in base 8?
66
What is -310 (base 5) in base 3?
-2222
Convert -31 (base 4) to base 7.
-16
-21 (base 9) to base 10
-19
Convert 2 (base 11) to base 6.
2
Convert 20 (base 6) to base 8.
14
-31 (base 6) to base 11
-18
Convert -15 (base 10) to base 7.
-21
-261 (base 8) to base 15
-bc
-104 (base 6) to base 7
-55
-6 (base 8) to base 10
-6
Convert -3 (base 8) to base 11.
-3
What is -74 (base 10) in base 14?
-54
-30 (base 7) to base 9
-23
What is -76 (base 9) in base 2?
-1000101
3 (base 10) to base 13
3
-241 (base 6) to base 3
-10121
0 (base 4) to base 7
0
What is 3 (base 10) in base 12?
3
What is -4 (base 16) in base 9?
-4
What is -1 (base 16) in base 8?
-1
12 (base 16) to base 2
10010
What is 2 (base 12) in base 10?
2
101120 (base 3) to base 12
1b9
What is -28 (base 11) in base 13?
-24
What is 100011 (base 2) in base 11?
32
-36 (base 14) to base 3
-1210
-1001 (base 2) to base 12
-9
What is -c (base 14) in base 15?
-c
Convert -3 (base 9) to base 15.
-3
What is -10000 (base 2) in base 5?
-31
-10010 (base 2) to base 13
-15
Convert -3 (base 14) to base 5.
-3
Convert -21 (base 8) to base 14.
-13
What is 30 (base 13) in base 9?
43
What is 10 (base 7) in base 16?
7
Convert 19 (base 14) to base 6.
35
What is -60 (base 13) in base 5?
-303
-9 (base 13) to base 16
-9
1 (base 15) to base 11
1
121 (base 6) to base 11
45
Convert 0 (base 5) to base 10.
0
11 (base 3) to base 4
10
55 (base 8) to base 16
2d
What is 4 (base 12) in base 8?
4
What is 14 (base 8) in base 10?
12
What is 401 (base 5) in base 10?
101
Convert -325 (base 6) to base 3.
-11122
27 (base 15) to base 5
122
40 (base 14) to base 13
44
-2 (base 15) to base 6
-2
What is 23 (base 14) in base 16?
1f
-2 (base 11) to base 5
-2
ad (base 14) to base 10
153
-32 (base 12) to base 10
-38
What is 11 (base 10) in base 15?
b
-3 (base 8) to base 5
-3
Convert 4 (base 16) to base 5.
4
9b (base 15) to base 5
1041
Convert 13 (base 16) to base 6.
31
Convert -2 (base 14) to base 9.
-2
What is -15 (base 9) in base 11?
-13
121 (base 4) to base 5
100
3 (base 16) to base 5
3
What is 1 (base 12) in base 7?
1
Convert -18 (base 15) to base 9.
-25
Convert 1 (base 10) to base 4.
1
Convert 10110 (base 2) to base 8.
26
What is 9 (base 10) in base 13?
9
-1 (base 8) to base 12
-1
What is 49 (base 13) in base 6?
141
Convert -93 (base 10) to base 13.
-72
What is -5 (base 6) in base 3?
-12
73 (base 8) to base 16
3b
What is 2 (base 9) in base 4?
2
What is 7 (base 15) in base 10?
7
What is 51 (base 6) in base 11?
29
Convert 1010 (base 3) to base 16.
1e
What is 1 (base 9) in base 11?
1
-2a (base 11) to base 2
-100000
Convert 3 (base 14) to base 13.
3
3 (base 9) to base 12
3
What is -20 (base 4) in base 7?
-11
What is 3 (base 13) in base 5?
3
-2 (base 14) to base 13
-2
2 (base 6) to base 12
2
Convert 122 (base 3) to base 6.
25
Convert 1 (base 15) to base 11.
1
Convert 14 (base 12) to base 9.
17
Convert 101100001 (base 2) to base 11.
2a1
-1 (base 12) to base 15
-1
Convert 30 (base 7) to base 12.
19
What is -11101010 (base 2) in base 13?
-150
Convert 13 (base 6) to base 9.
10
-110 (base 4) to base 9
-22
2 (base 4) to base 12
2
-11 (base 3) to base 6
-4
Convert 2 (base 13) to base 2.
10
What is -2 (base 10) in base 5?
-2
9 (base 13) to base 12
9
What is 22 (base 7) in base 9?
17
Convert 0 (base 2) to base 6.
0
Convert -130 (base 5) to base 15.
-2a
20 (base 9) to base 11
17
Convert 1 (base 3) to base 14.
1
What is 3 (base 16) in base 4?
3
52 (base 16) to base 7
145
What is 20 (base 10) in base 5?
40
What is -4 (base 13) in base 3?
-11
4a (base 11) to base 6
130
Convert 36 (base 11) to base 13.
30
Convert -2000 (base 3) to base 9.
-60
Convert 303 (base 5) to base 6.
210
Convert -100 (base 3) to base 5.
-14
16 (base 8) to base 7
20
-17 (base 11) to base 14
-14
16 (base 9) to base 3
120
Convert 15 (base 6) to base 14.
b
-4 (base 16) to base 15
-4
What is 1011 (base 4) in base 8?
105
-11 (base 9) to base 4
-22
Convert -2 (base 5) to base 15.
-2
Convert 7 (base 15) to base 3.
21
What is 120 (base 14) in base 2?
11100000
17 (base 8) to base 3
120
-5 (base 12) to base 16
-5
121 (base 4) to base 10
25
-1 (base 5) to base 10
-1
Convert -42 (base 9) to base